
What is the remainder when 250456 is divided by 4638?
4
What is the remainder when 6057 is divided by 506?
491
Calculate the remainder when 14062 is divided by 7010.
42
What is the remainder when 24108 is divided by 23841?
267
Calculate the remainder when 14459 is divided by 204.
179
Calculate the remainder when 6011 is divided by 1012.
951
What is the remainder when 12587 is divided by 300?
287
Calculate the remainder when 1357 is divided by 1052.
305
What is the remainder when 1672 is divided by 831?
10
What is the remainder when 9570 is divided by 82?
58
What is the remainder when 2255 is divided by 739?
38
What is the remainder when 214041 is divided by 30577?
2
Calculate the remainder when 93763 is divided by 168.
19
What is the remainder when 182908 is divided by 154?
110
What is the remainder when 224706 is divided by 112345?
16
What is the remainder when 2686 is divided by 2174?
512
What is the remainder when 953 is divided by 736?
217
What is the remainder when 55923 is divided by 39?
36
Calculate the remainder when 978 is divided by 262.
192
What is the remainder when 42488 is divided by 32?
24
What is the remainder when 10854 is divided by 22?
8
What is the remainder when 8275 is divided by 919?
4
Calculate the remainder when 3301 is divided by 175.
151
What is the remainder when 90527 is divided by 30173?
8
What is the remainder when 819228 is divided by 1037?
1035
Calculate the remainder when 3234 is divided by 1056.
66
What is the remainder when 766988 is divided by 1102?
1098
Calculate the remainder when 4910 is divided by 2431.
48
What is the remainder when 351905 is divided by 341?
334
What is the remainder when 2271 is divided by 233?
174
What is the remainder when 350804 is divided by 20?
4
What is the remainder when 8735 is divided by 1746?
5
Calculate the remainder when 7541 is divided by 5.
1
What is the remainder when 1360 is divided by 337?
12
Calculate the remainder when 82373 is divided by 5.
3
Calculate the remainder when 15574 is divided by 22.
20
What is the remainder when 537755 is divided by 589?
587
What is the remainder when 584867 is divided by 25?
17
Calculate the remainder when 5024 is divided by 531.
245
What is the remainder when 64370 is divided by 418?
416
Calculate the remainder when 3655 is divided by 1167.
154
What is the remainder when 8851 is divided by 66?
7
What is the remainder when 4535 is divided by 25?
10
What is the remainder when 4428 is divided by 491?
9
What is the remainder when 1223 is divided by 130?
53
What is the remainder when 2956 is divided by 212?
200
What is the remainder when 19744 is divided by 29?
24
Calculate the remainder when 15515 is divided by 59.
57
What is the remainder when 1082 is divided by 425?
232
What is the remainder when 9475 is divided by 3151?
22
Calculate the remainder when 2180 is divided by 1466.
714
Calculate the remainder when 4239 is divided by 94.
9
Calculate the remainder when 891 is divided by 114.
93
Calculate the remainder when 8046 is divided by 1181.
960
Calculate the remainder when 271 is divided by 269.
2
Calculate the remainder when 1134 is divided by 1049.
85
What is the remainder when 37834 is divided by 18898?
38
Calculate the remainder when 2754 is divided by 392.
10
What is the remainder when 724460 is divided by 12?
8
What is the remainder when 3727 is divided by 60?
7
Calculate the remainder when 647104 is divided by 331.
330
What is the remainder when 3405 is divided by 3381?
24
What is the remainder when 56392 is divided by 9374?
148
Calculate the remainder when 48004 is divided by 495.
484
What is the remainder when 18590 is divided by 9293?
4
What is the remainder when 128330 is divided by 128297?
33
Calculate the remainder when 7660 is divided by 132.
4
Calculate the remainder when 23717 is divided by 499.
264
What is the remainder when 1385 is divided by 408?
161
Calculate the remainder when 29753 is divided by 124.
117
Calculate the remainder when 77962 is divided by 928.
10
Calculate the remainder when 32203 is divided by 332.
331
What is the remainder when 411700 is divided by 93?
82
What is the remainder when 20072 is divided by 2768?
696
Calculate the remainder when 5351 is divided by 358.
339
What is the remainder when 1659 is divided by 271?
33
Calculate the remainder when 824 is divided by 493.
331
What is the remainder when 234116 is divided by 19509?
8
Calculate the remainder when 21301 is divided by 43.
16
What is the remainder when 136405 is divided by 45467?
4
Calculate the remainder when 4142 is divided by 80.
62
What is the remainder when 2038 is divided by 2038?
0
What is the remainder when 552 is divided by 99?
57
Calculate the remainder when 2733 is divided by 625.
233
What is the remainder when 245495 is divided by 159?
158
Calculate the remainder when 1754 is divided by 438.
2
What is the remainder when 32831 is divided by 566?
3
Calculate the remainder when 3895232 is divided by 53.
50
Calculate the remainder when 11341 is divided by 2828.
29
Calculate the remainder when 11595 is divided by 223.
222
Calculate the remainder when 51532 is divided by 72.
52
Calculate the remainder when 45218 is divided by 4520.
18
Calculate the remainder when 1306 is divided by 32.
26
What is the remainder when 20229 is divided by 151?
146
Calculate the remainder when 49208 is divided by 12298.
16
Calculate the remainder when 3139 is divided by 1038.
25
What is the remainder when 181912 is divided by 28?
24
What is the remainder when 6000 is divided by 3?
0
What is the remainder when 23595 is divided by 54?
51
What is the remainder when 5677 is divided by 2763?
151
What is the remainder when 13584 is divided by 2?
0
Calculate the remainder when 1303637 is divided by 13.
10
What is the remainder when 29259 is divided by 4870?
39
Calculate the remainder when 763 is divided by 149.
18
What is the remainder when 2820 is divided by 210?
90
What is the remainder when 20208 is divided by 572?
188
What is the remainder when 796 is divided by 195?
16
What is the remainder when 12217 is divided by 2441?
12
Calculate the remainder when 15184 is divided by 211.
203
What is the remainder when 5377 is divided by 137?
34
Calculate the remainder when 896 is divided by 18.
14
Calculate the remainder when 4738 is divided by 143.
19
Calculate the remainder when 11318 is divided by 707.
6
What is the remainder when 162216 is divided by 23171?
19
Calculate the remainder when 5179 is divided by 1184.
443
What is the remainder when 25647 is divided by 190?
187
Calculate the remainder when 16598 is divided by 9.
2
Calculate the remainder when 20218 is divided by 2217.
265
Calculate the remainder when 1355111 is divided by 72.
71
What is the remainder when 52078 is divided by 31?
29
What is the remainder when 235129 is divided by 205?
199
Calculate the remainder when 6302 is divided by 34.
12
Calculate the remainder when 290875 is divided by 576.
571
What is the remainder when 508363 is divided by 28?
23
Calculate the remainder when 475 is divided by 340.
135
Calculate the remainder when 220570 is divided by 47.
46
What is the remainder when 13638 is divided by 155?
153
Calculate the remainder when 28179 is divided by 61.
58
What is the remainder when 14975 is divided by 379?
194
Calculate the remainder when 5956 is divided by 2949.
58
What is the remainder when 67310 is divided by 526?
508
What is the remainder when 5585 is divided by 119?
111
Calculate the remainder when 3642 is divided by 3636.
6
What is the remainder when 41834 is divided by 391?
388
Calculate the remainder when 112297 is divided by 685.
642
Calculate the remainder when 1299 is divided by 132.
111
Calculate the remainder when 1135 is divided by 381.
373
What is the remainder when 14928 is divided by 131?
125
Calculate the remainder when 381341 is divided by 324.
317
What is the remainder when 506 is divided by 12?
2
Calculate the remainder when 64969 is divided by 357.
352
What is the remainder when 6595 is divided by 22?
17
Calculate the remainder when 3896 is divided by 650.
646
Calculate the remainder when 823725 is divided by 38.
37
Calculate the remainder when 21843 is divided by 7.
3
Calculate the remainder when 1362 is divided by 233.
197
Calculate the remainder when 2437